e 16, what is -186fe - -2?
-186fc
In base 3, what is -112211 - 2000?
-121211
In base 10, what is 3244 + -8?
3236
In base 9, what is -1030 - -281?
-638
In base 8, what is -1331073 - -3?
-1331070
In base 15, what is -5 + 12829?
12824
In base 7, what is -3623 + -3015?
-6641
In base 12, what is 410 - 1275?
-a65
In base 3, what is -110 + -101111000210?
-101111001020
In base 4, what is -12202132 + 123?
-12202003
In base 8, what is 101 - -5435?
5536
In base 9, what is 88 + 23347?
23446
In base 11, what is -3 - -166756?
166753
In base 13, what is 1177 - 2?
1175
In base 15, what is -66 - 371?
-3d7
In base 2, what is 100010 - 101111100010110?
-101111011110100
In base 9, what is 226 + 4?
231
In base 7, what is -2026650 - 4?
-2026654
In base 12, what is 12315 - -b?
12324
In base 16, what is 387 - 1e?
369
In base 16, what is 72e82 + -3?
72e7f
In base 10, what is -3 - -20490?
20487
In base 15, what is 15 + -6732?
-671c
In base 11, what is 81 + 16523?
165a4
In base 8, what is 70 + -231?
-141
In base 2, what is 10 + 10100110010101?
10100110010111
In base 14, what is -1c + -47c0?
-47dc
In base 3, what is 2 - -1011211220?
1011211222
In base 13, what is 9 + c557?
c563
In base 14, what is 0 - -1122c?
1122c
In base 10, what is -37386 + 6?
-37380
In base 16, what is c54 - -20?
c74
In base 13, what is -983 + -7c?
-a32
In base 11, what is 14 + -780?
-767
In base 8, what is -40 - -1504?
1444
In base 13, what is 2 - -3c282?
3c284
In base 12, what is -26 - -12ab?
1285
In base 5, what is -31 - 3333213?
-3333244
In base 3, what is 11201100 - -221002?
12122102
In base 16, what is 6 - -4718?
471e
In base 8, what is 137434 + 55?
137511
In base 14, what is 4 + -573b7?
-573b3
In base 11, what is 40 - -1a88?
2018
In base 5, what is 2 + 434?
441
In base 12, what is 65926 + -9?
65919
In base 6, what is 15 + 2053?
2112
In base 6, what is -14 - -23211?
23153
In base 16, what is 3 + 640f3?
640f6
In base 15, what is 18297 + 8?
182a0
In base 13, what is -6 + 46b0?
46a7
In base 2, what is 101100 + 10100?
1000000
In base 8, what is -1051165 - -2?
-1051163
In base 14, what is -1 + -86974?
-86975
In base 6, what is -54213 - -1225?
-52544
In base 6, what is 20 + -110530?
-110510
In base 10, what is 35 + 6091?
6126
In base 2, what is 1000110010 + -11001010010?
-10000100000
In base 11, what is 541 + a0?
631
In base 12, what is -265328 - 5?
-265331
In base 8, what is -37 + -3447?
-3506
In base 9, what is -58883 + 4?
-58878
In base 13, what is -1c - -b9b?
b7c
In base 9, what is -3 + 88288?
88285
In base 7, what is -2 - -202215?
202213
In base 3, what is 110012 + -222?
102020
In base 8, what is -42 - -2706?
2644
In base 13, what is 6 - -2ca1?
2ca7
In base 10, what is 3439 + -14?
3425
In base 13, what is 5845c - -13?
58472
In base 12, what is 2a5 + -454?
-16b
In base 15, what is 85dc - 11?
85cb
In base 9, what is 566406 - -1?
566407
In base 13, what is -84b + 9?
-842
In base 2, what is -1101111 + -11000001111?
-11001111110
In base 7, what is -40 - 30422?
-30462
In base 15, what is 17e9 + -3?
17e6
In base 4, what is 10 + 1122311?
1122321
In base 4, what is -1 - 133130102?
-133130103
In base 14, what is -326dc + -3?
-32701
In base 7, what is -3 - -133333?
133330
In base 4, what is 220 + 13320013?
13320233
In base 11, what is -5 + -364399?
-3643a3
In base 14, what is -48295 + 1?
-48294
In base 11, what is 841 + -624?
218
In base 3, what is -110010222 + 202021?
-102101201
In base 8, what is -413 + 2162?
1547
In base 15, what is 114a + -ae?
108b
In base 9, what is 0 + -24716?
-24716
In base 6, what is 2531 - -550?
3521
In base 9, what is 5673853 - -3?
5673856
In base 15, what is -801 + -6?
-807
In base 2, what is 0 - -100110100001?
100110100001
In base 9, what is -7410 - -1?
-7408
In base 13, what is -70916 + 5?
-70911
In base 10, what is -100 + -67?
-167
In base 6, what is 5330 - 40?
5250
In base 8, what is 5 + -4172114?
-4172107
In base 12, what is 2293a - -a?
22948
In base 5, what is -4401040 + -10?
-4401100
In base 4, what is -133201221 - -122?
-133201033
In base 9, what is 135080 - 10?
135070
In base 6, what is -25 - 5150532?
-5151001
In base 13, what is -18b10 + -59?
-18b69
In base 16, what is 2e - 3c?
-e
In base 12, what is -8b0b + 22?
-8aa9
In base 13, what is 724213 + -1?
724212
In base 15, what is -5 + 9de?
9d9
In base 2, what is -10001 - -100100001011010?
100100001001001
In base 10, what is -7109 + -79?
-7188
In base 9, what is 205 - 18120?
-17814
In base 5, what is -141103420 - 2?
-141103422
In base 10, what is 1424 - -282?
1706
In base 9, what is 46221 + -4?
46216
In base 16, what is a - -9f01?
9f0b
In base 5, what is -324423431 - -1?
-324423430
In base 10, what is -229080 + -34?
-229114
In base 13, what is -7502c + -8?
-75037
In base 3, what is 221002 + -1002221?
-11212
In base 11, what is -333615 + -2?
-333617
In base 8, what is -5 - 16601?
-16606
In base 4, what is 102 + -100001133?
-100001031
In base 7, what is 21 + -66544?
-66523
In base 5, what is -41233143 - 10?
-41233203
In base 13, what is -7 - -156c?
1565
In base 6, what is 2222 + 504?
3130
In base 14, what is 17b30 + 4?
17b34
In base 11, what is 24 + -98?
-74
In base 11, what is -25a822 + 3?
-25a81a
In base 5, what is -3310213 + -12?
-3310230
In base 2, what is -1000001000100 + -101011?
-1000001101111
In base 15, what is 29630 + -15?
2961a
In base 4, what is -122303022 - -13?
-122303003
In base 8, what is -70515 - 3?
-70520
In base 5, what is 21 + 101334?
101410
In base 16, what is df + -67?
78
In base 11, what is 1 - -3583?
3584
In base 12, what is 559 - 60?
4b9
In base 8, what is 3 - 24204?
-24201
In base 13, what is -2376 - -18?
-235b
In base 5, what is 10 - 333440?
-333430
In base 15, what is -e + 67d?
66e
In base 8, what is 2 + 430320?
430322
In base 13, what is -27 + 7?
-20
In base 13, what is -17 - -42ab6?
42a9c
In base 5, what is 0 + -122333402?
-122333402
In base 13, what is 2 + -5c4?
-5c2
In base 12, what is -5966a8 + -3?
-5966ab
In base 3, what is -2 + 111220122?
111220120
In base 12, what is -24b44 + 2?
-24b42
In base 3, what is -11010 - 1021202?
-1102212
In base 10, what is -29776 + 3?
-29773
In base 16, what is -720e6 + 3?
-720e3
In base 3, what is -12011000 + 1102?
-12002121
In base 14, what is 0 - 17a0?
-17a0
In base 3, what is 202102 + -220000?
-10121
In base 9, what is 1678 - 1830?
-141
In base 5, what is 44331 - 244?
44032
In base 10, what is -7 + -2283?
-2290
In base 11, what is -2102 + 14?
-2099
In base 4, what is -1011 + 21002?
13331
In base 8, what is -223 - 66170?
-66413
In base 15, what is 5 + 491?
496
In base 10, what is -1 + -1323?
-1324
In base 16, what is -e73 - -34?
-e3f
In base 13, what is -140c - 7?
-1416
In base 8, what is 740 - 661?
57
In base 12, what is 220baa - -2?
220bb0
In base 12, what is b0 - 50?
60
In base 10, what is 742 - 1413?
-671
In base 4, what is 10 + -310300311?
-310300301
In base 11, what is -166 - 215?
-380
In base 5, what is 34024 + -200?
33324
In base 5, what is -142401110 + -3?
-142401113
In base 10, what is 620 - 68?
552
In base 13, what is -1 - -4966?
4965
In base 4, what is 0 + 12321202?
12321202
In base 14, what is 653b + -a?
6531
In base 5, what is -10023132 + 32?
-10023100
In base 7, what is 20645 + 0?
20645
In base 10, what is 15187 - -5?
15192
In base 15, what is 4 - 1697?
-1693
In base 11, what is -4996 - -8a?
-4907
In base 8, what is 507 - 12600?
-12071
In base 3, what is -10201022102122 - 10?
-10201022102202
In base 4, what is -22321030331 + -11?
-22321031002
In base 7, what is 5 + -1200506?
-1200501
In base 2, what is -11001011 - -1000100010011?
1000001001000
In base 13, what is -13 - -3b368?
3b355
In base 16, what is -7 + -11a21?
-11a28
In base 11, what is -39 + -8a90?
-9019
In base 9, what is 47 - -758?
816
In base 3, what is -12101 + 2022000?
2002122
In base 16, what is -2 + -6dc8?
-6dca
In base 5, what is 212123 + -102?
212021
In base 10, what is -1 + -4827?
-4828
In base 4, what is 12000121320 - 10?
12000121310
In base 7, what is 5053 + -126?
4624
In base 10, what is -63157 + 16?
-63141
In base 9, what is 17 + 2132?
2150
In base 6, what is 2223 + -41?
2142
In base 11, what is 3927 - 48?
388a
In base 7, what is 2341 - -1662?
4333
In base 4, what is -112 + -30?
-202
In base 11, what is -1 - -1755?
1754
In base 9, what is 1381 - 1477?
-86
In base 13, wha